True
Is 22049993 composite?
True
Is 238658173 prime?
False
Is 2645401 a prime number?
False
Is 8829101 a prime number?
True
Is 6031621 a composite number?
True
Is 1123423007 composite?
True
Is 144742406 composite?
True
Is 46904161 prime?
True
Is 41563109 composite?
True
Is 923825879 a prime number?
False
Is 8704067 prime?
True
Is 16608059 a composite number?
True
Is 727326077 prime?
False
Is 8776019 composite?
True
Is 1693129 a prime number?
True
Is 52545167 a composite number?
False
Is 342863 a composite number?
False
Is 235187191 a prime number?
False
Is 451458461 a composite number?
False
Is 4532369 a prime number?
True
Is 1011961 composite?
False
Is 8653633 a prime number?
False
Is 20817481 prime?
True
Is 68876331 a prime number?
False
Is 1913201 a composite number?
False
Is 6146593 a composite number?
False
Is 29563763 composite?
True
Is 4625389 a composite number?
False
Is 337568113 composite?
False
Is 16162667 a prime number?
False
Is 21022145 a prime number?
False
Is 66018263 prime?
True
Is 9481559 prime?
True
Is 152166257 composite?
False
Is 2533333 a composite number?
True
Is 4981091 a composite number?
False
Is 1458008815 a prime number?
False
Is 1572735869 a prime number?
False
Is 248752217 a composite number?
True
Is 18707431 a prime number?
True
Is 5620709 composite?
False
Is 3559781 composite?
True
Is 368059 a prime number?
True
Is 127563239 a composite number?
False
Is 240351673 composite?
False
Is 694843 composite?
True
Is 65209153 prime?
True
Is 41662811 a prime number?
False
Is 12637193 prime?
True
Is 10402657 prime?
False
Is 5248723 composite?
False
Is 31721819 a prime number?
True
Is 122425477 prime?
True
Is 5716063 a prime number?
False
Is 13430213 composite?
False
Is 8886569 a composite number?
False
Is 9615259 a composite number?
False
Is 256360285 a prime number?
False
Is 8325997 prime?
True
Is 111329639 a composite number?
False
Is 815537719 a composite number?
True
Is 3303213 a prime number?
False
Is 10064507 a composite number?
False
Is 22911557 a prime number?
True
Is 24608009 prime?
True
Is 1395929 composite?
True
Is 60433027 composite?
False
Is 266486621 a prime number?
True
Is 34863317 composite?
False
Is 2678851 composite?
True
Is 31550507 a prime number?
False
Is 83490326 a composite number?
True
Is 1051837 a composite number?
True
Is 12751267 a prime number?
False
Is 6868463 prime?
False
Is 8175811 a prime number?
False
Is 2187257 a composite number?
True
Is 1344203 a prime number?
False
Is 359837 prime?
True
Is 19386109 composite?
False
Is 33685493 prime?
True
Is 193263115 a prime number?
False
Is 16069601 composite?
True
Is 4166671 prime?
True
Is 34027283 a prime number?
True
Is 2728873 a prime number?
False
Is 336599 a composite number?
False
Is 20016721 prime?
False
Is 6659501 a prime number?
True
Is 11342185 a prime number?
False
Is 1373219 composite?
False
Is 1135982 composite?
True
Is 2239103 composite?
False
Is 2596871 composite?
False
Is 43563419 a prime number?
True
Is 322477 composite?
True
Is 3663059 a prime number?
True
Is 1635038 a prime number?
False
Is 631121 composite?
False
Is 39232061 a composite number?
True
Is 15803629 a prime number?
True
Is 18923741 prime?
False
Is 7333433 composite?
True
Is 104174443 a prime number?
True
Is 11839153 prime?
True
Is 28102147 prime?
True
Is 3898399 a prime number?
False
Is 3093703 a prime number?
True
Is 49852091 a composite number?
False
Is 3762701 composite?
False
Is 398887 prime?
True
Is 6962485 composite?
True
Is 387029101 a prime number?
True
Is 478352837 composite?
True
Is 890501 prime?
True
Is 4333187 composite?
False
Is 5256037 composite?
False
Is 97909109 a prime number?
False
Is 843014299 composite?
False
Is 20348191 a composite number?
False
Is 60987827 composite?
False
Is 6322661 composite?
False
Is 31622623 a prime number?
False
Is 3823339 a prime number?
False
Is 165119 a composite number?
True
Is 2281607 prime?
True
Is 60559183 a prime number?
True
Is 1221721 a composite number?
True
Is 6508141 a prime number?
True
Is 36332393 prime?
False
Is 1348177 a composite number?
False
Is 117720329 a prime number?
True
Is 112095119 a composite number?
False
Is 1356697 a composite number?
False
Is 9181 a composite number?
False
Is 204262657 prime?
False
Is 4283989 a prime number?
True
Is 23204318 composite?
True
Is 413997811 a composite number?
True
Is 55322279 composite?
True
Is 4609897 composite?
False
Is 19270487 a prime number?
True
Is 1352893 a composite number?
False
Is 7306363 prime?
True
Is 549105793 prime?
True
Is 1467187 a composite number?
False
Is 322343 a prime number?
False
Is 247554869 a prime number?
False
Is 305329 prime?
True
Is 167567203 prime?
False
Is 67249147 composite?
True
Is 405179893 a prime number?
True
Is 39958265 a composite number?
True
Is 226429433 prime?
False
Is 1267349 a composite number?
False
Is 4875163 prime?
True
Is 73214455 composite?
True
Is 11911391 a composite number?
True
Is 62044343 prime?
True
Is 72129367 composite?
True
Is 1148299 a prime number?
False
Is 6269559 prime?
False
Is 543407 composite?
False
Is 7840347 a prime number?
False
Is 17610119 a prime number?
False
Is 7181189 prime?
True
Is 299973211 a composite number?
True
Is 5187317 a prime number?
False
Is 14577646 composite?
True
Is 10205069 a composite number?
True
Is 1524197 a composite number?
True
Is 647443897 a composite number?
True
Is 20594699 a prime number?
False
Is 1252419719 prime?
True
Is 1848551 prime?
True
Is 2273587 composite?
True
Is 92077693 a composite number?
True
Is 2058691 composite?
False
Is 1875311 a prime number?
True
Is 9429659 a composite number?
False
Is 2513869 a composite number?
True
Is 185083 composite?
True
Is 65591761 composite?
False
Is 3084959 a prime number?
False
Is 357229 composite?
False
Is 3804501 composite?
True
Is 21656603 prime?
False
Is 102411107 a prime number?
False
Is 37690801 prime?
True
Is 41182763 prime?
False
Is 557201 a prime number?
True
Is 760913 prime?
True
Is 319557991 composite?
False
Is 237011599 prime?
False
Is 3518689 a prime number?
False
Is 5604173 a composite number?
False
Is 7125511 composite?
True
Is 20037359 composite?
False
Is 166678 a composite number?
True
Is 5253881 a composite number?
False
Is 4615649 composite?
True
Is 28667513 a composite number?
True
Is 27072818 a prime number?
False
Is 1135750069 a composite number?
True
Is 2166821 prime?
True
Is 53181679 composite?
True
Is 21018799 composite?
False
Is 42017687 a prime number?
True
Is 3713749 a prime number?
False
Is 351771851 prime?
True
Is 70637 a prime number?
False
Is 4570061 prime?
False
Is 4616545 a composite number?
True
Is 13521 prime?
False
Is 18363083 prime?
True
Is 2973651 prime?
False
Is 84128927 composite?
True
Is 56365703 a prime number?
False
Is 107184851 prime?
True
Is 1962553 a composite number?
True
Is 13174849 prime?
False
Is 6973851 a composite number?
True
Is 1286323301 composite?
False
Is 21647933 composite?
False
Is 3201971 a prime number?
True
Is 1417093 composite?
False
Is 855371 prime?
False
Is 122615921 prime?
False
Is 17843051 composite?
False
Is 16208773 prime?
False
Is 43484177 composite?
True
Is 465621421 composite?
False
Is 325821091 composite?
False
Is 1616057 prime?
True
Is 41275969 a composite number?
True
Is 315114179 composite?
True
Is 234314813 a prime number?
True
Is 1973087 a composite number?
False
Is 41541667 a composite number?
True
Is 2601623 a composite number?
True
Is 22838239 prime?
False
Is 21128693 composite?
False
Is 4249493 prime?
False
Is 2448067 prime?
True
Is 4645343 a composite number?
False
Is 9205087 composite?
True
Is 5298871 composite?
True
Is 2856349 a prime number?
True
Is 56265683 a prime number?
True
Is 256952126 composite?
True
Is 3082817 prime?
False
Is 3284027 composite?
True
Is 437873 composite?
True
Is 1446689 a prime number?
True
Is 436399 composite?
False
Is 24876407 prime?
True
Is 252049153 a composite number?
True
Is 20778353 prime?
True
Is 2289689 a prime number?
True
Is 396376265 a composite number?
True
Is 889403 composite?
True
Is 2443351 composite?
False
Is 2529191 a prime number?
False
Is 509391947 a prime number?
False
Is 1727639 a composite number?
False
Is 16698653 a composite number?
False
Is 3519371 a prime number?
False
Is 4647959 compos